v?
1
Let j be 6/15 + 114/15. Suppose -3*w - w + j = 0. Let u(o) = 6*o**2 + 2. What is the units digit of u(w)?
6
What is the units digit of (-94080)/(-144) + (-4)/3?
2
Let l(z) = z**3 - 8*z**2 + 5*z - 8. Suppose -x - 5*n = 15 - 4, 16 = x - 4*n. Suppose -20 = -5*i - 4*t, x*t + 25 = -t. What is the tens digit of l(i)?
3
Let i(x) = -4*x - 7. Let n be i(-3). Suppose -2*l + n*a + 64 = 0, -2*l = 2*l + 5*a - 188. What is the tens digit of (-6)/l - (-246)/7?
3
Suppose 2*u - 41 = -35. Suppose -5*p = 15, -u*p - 737 = -3*m - m. What is the units digit of m?
2
Let o(l) = -l**2 + l + 57. Suppose 0 = d - 5*c - 20, -2*d - 2*d - 3*c - 12 = 0. What is the units digit of o(d)?
7
Let v(x) = 12*x**2 + 14*x + 1. Let a(u) = -35*u**2 - 43*u - 2. Let z(p) = -6*a(p) - 17*v(p). What is the tens digit of z(-6)?
9
Let q(l) = -6*l**3 - 131*l**2 - 35. What is the tens digit of q(-22)?
4
Suppose -5*y + 6 = 4*l - 115, -l = -5*y + 101. Let f = y + 6. What is the units digit of f?
7
Suppose 12*h - 11*h = 2*d - 4011, 2*h + 2001 = d. What is the tens digit of d?
0
Suppose p - 3*s = -p, 2*s = 4*p - 16. Suppose -15 = 5*z - p*z. Let x = z - 8. What is the units digit of x?
7
Suppose 31*s + 1938 - 30148 = 0. What is the units digit of s?
0
Suppose 0 = -p + 24 + 27. What is the units digit of p?
1
Let i = 93 + -89. Suppose a - i*t + 475 = 6*a, -3*t = 3*a - 285. What is the tens digit of a?
9
Suppose 4*g = -8 - 0, -5*v + 474 = 3*g. What is the tens digit of v?
9
Let k(h) = -h**2 + 7*h + 6. Let i be 2/7 - 120/(-21). Let f be k(i). Let t = f - 8. What is the units digit of t?
4
Suppose 6272 = -2*s + 18*s. What is the units digit of s?
2
Let n be (-402)/2*12/(-6). Suppose -3*s + 561 = 5*k - n, 4*s = -2*k + 374. What is the units digit of k?
5
Let j = 1082 - 648. Suppose 4*g + 3*l + j - 1315 = 0, -g + l + 215 = 0. What is the units digit of g/12 + (-3)/18?
8
Let u(w) = -16*w**3 + 2*w**2 + 7*w - 39. What is the units digit of u(-7)?
8
Let k(n) = -n**3 - 17*n**2 - 16*n + 4. Let b(f) = -f**2 - f. Let x(q) = -6*b(q) + k(q). Let g be x(-10). Suppose 20 = g*u - 8. What is the units digit of u?
7
Suppose -54*i + 60*i - 27540 = 0. What is the tens digit of i?
9
Let u(r) = r**2 + 7*r - 12. Let y = 3 - 13. Let b be 1*-13 - (7 + y). What is the units digit of u(b)?
8
Let c(f) = -f**3 - 10*f**2 + 9*f - 26. Let q be c(-11). Let z(y) = -45*y - 1. What is the hundreds digit of z(q)?
1
Let z(a) = 18*a**2 + 11*a + 15. What is the units digit of z(9)?
2
Let a be 0 + 1/(1/19). Suppose 16 + a = c. Suppose -c = -r - 3. What is the tens digit of r?
3
Suppose 0 = 3*n - 2*n + 3*x - 424, -3*n + 5*x = -1258. Let o = n + -226. What is the units digit of o?
5
Suppose 1496 = -3*v + 14*v. What is the tens digit of v?
3
Let z(u) be the first derivative of -u**4/4 - u**3/3 - u**2 + 55*u + 6. What is the tens digit of z(0)?
5
Let y be (-5)/1*(-24)/15. Suppose y = s + 6. Suppose -s*u = -6*u + 268. What is the tens digit of u?
6
Suppose 9*f - 600 = 5*f. What is the tens digit of (7/21)/(2/f)?
2
Let s(m) = m**2 + 7*m + 10. Let b be s(-5). Suppose x = -b*x + 298. What is the units digit of x?
8
Let s = 1586 + -885. What is the hundreds digit of s?
7
Let g be (-2 + -1)/(1/(-17)). Suppose 3*i - g = -a - 2*a, 0 = 2*i - 5*a - 55. What is the units digit of 9/(-27) + i/6?
3
Let q(b) be the first derivative of b**4/4 + 13*b**3/3 + 4*b**2 + 10*b + 17. What is the tens digit of q(-5)?
7
Let o be 1/(2/(-6)) + -2 + 5. Suppose -2*p = -n + 34, -3*n + 2*p + 77 + 37 = o. What is the units digit of n?
0
Suppose -5*k + 0*h - 3*h = 452, -5*k - 454 = h. Let x = k + 170. What is the units digit of x?
9
Let f = 66 - -243. What is the hundreds digit of -3 - f*(-3)/(-9)*-1?
1
Suppose 0 = s + 3*w - 5, -4*w = 5*s + w + 15. Let m(u) = u**2 - 9*u - 14. What is the units digit of m(s)?
8
Let h(o) = 7*o + 1. Let r = -11 + 15. Let c(z) = z - 2. Let g be c(r). What is the units digit of h(g)?
5
Suppose 2*t = 4*t, -i - t + 3 = 0. Suppose 23 - i = 5*v. Suppose 20 = 3*m - v. What is the units digit of m?
8
Suppose -s + 855 = 4*s. Let y(l) = 2*l**3 - l**2 + 1. Let p be y(1). Suppose 0 = p*x - 5*x - 2*r + 111, 0 = -4*x + 5*r + s. What is the units digit of x?
9
What is the hundreds digit of (-790440)/(-260) - (-4)/(-26)?
0
Suppose 10*d + 1225 = 4905. What is the units digit of d?
8
Suppose 13*p + 9141 = 46*p. What is the hundreds digit of p?
2
Suppose -78*f + 66*f + 16344 = 0. What is the hundreds digit of f?
3
What is the tens digit of -109*-7*(-4)/(-8)*2?
6
Suppose p + 2*m = 6*p - 28, 2*m = 2*p - 10. Suppose -p*x + 252 = x. Let j = 71 - x. What is the tens digit of j?
3
Let b(p) = -2*p**3 - 5*p**2 - p. Let v be b(-7). Suppose -3*r + 7*r - v = 0. What is the units digit of r?
2
Let g(y) = y**3 - 13*y**2 + y + 11. Let a be (-2)/4*(-5 + -21). Let c be g(a). What is the units digit of ((-72)/(-14))/(c/112)?
4
Suppose -5*q + 112 = -13. Suppose i - 5*c + 6 = q, -c - 1 = 0. What is the tens digit of i?
1
Suppose 0 = 5*y - 19 + 4. Suppose y*z = 8*z - 245. What is the units digit of z?
9
Suppose -4*c - 218 = -1690. What is the hundreds digit of c?
3
Let w(y) be the third derivative of -y**5/60 - y**4/2 - 4*y**3/3 + 2*y**2. Let x = 87 - 95. What is the tens digit of w(x)?
2
Suppose -3*q + 2*q + 459 = 0. What is the units digit of q?
9
Let t(f) = f**2 + 10*f + 72. What is the tens digit of t(-13)?
1
Let y be (99/55)/((-6)/(-100)*2). Suppose k - 2*k = 0. Suppose k = -3*r + y + 216. What is the tens digit of r?
7
Let k(m) = -m + 2 + 1 + 4. Let c be k(-7). Suppose l + 37 = 4*v, -2*v - 4*l = -0*v - c. What is the units digit of v?
9
Suppose 588 = 5*m + 53. Suppose -3*n - m + 296 = 0. What is the units digit of n?
3
Let x(c) = -550*c**3 + 22*c + 50. What is the hundreds digit of x(-2)?
4
Let o = -5 - -7. Suppose 3*s = o*s + 29. What is the units digit of s?
9
What is the units digit of -466*(6 - 39/6)?
3
Suppose -6183 = -12*a + 489. What is the tens digit of a?
5
Suppose 3*b - 2*b - l = 2, -4*l = 5*b - 19. Suppose -b*y + 83 = -73. What is the units digit of y?
2
Let p(o) = -5*o - 118. Let x(j) = -4*j - 117. Let a(l) = 5*p(l) - 6*x(l). What is the units digit of a(0)?
2
Let m(y) = -9*y - 5. Let v be m(-6). Let n be 34/((-1 - 0) + 0). Let q = v + n. What is the units digit of q?
5
Suppose 15*u + 1178 = 19*u - 3*d, -4*u = -5*d - 1174. What is the tens digit of u?
9
Suppose 0*w - 3*c - 6 = w, -5*w = 4*c - 3. Suppose 82 = w*z - 2*y - 60, -y - 49 = -z. What is the tens digit of z?
4
Let t(f) = f**2 + 28*f + 88. What is the hundreds digit of t(-34)?
2
Suppose 0 = -l - 2*z + 238, 2*z + 4 = -0. Suppose -71*v - l = -73*v. What is the units digit of v?
1
Let c(b) = b**3 + 17*b**2 + 29*b - 14. What is the hundreds digit of c(-14)?
1
Let b(t) = 5*t + 29. Let a(p) = -14*p - 86. Let y(q) = -4*a(q) - 11*b(q). Suppose 2*g - 5 = g + h, -3*h = 3*g + 15. What is the tens digit of y(g)?
2
Suppose -25278 = -5*d - 0*d - 2*y, -15165 = -3*d - 3*y. What is the units digit of d?
6
Let d be -6*4*(-3)/18. Let q be -4*(-1)/d + -3. What is the tens digit of (-12)/8 + (-73)/q?
3
Suppose -2*j + 182 = 4*g, -6*g + 4*g = -5*j - 97. Let d = 19 - 51. Let o = d + g. What is the tens digit of o?
1
Let m = 397 - 141. What is the tens digit of m?
5
What is the tens digit of 22/(-4)*(-572)/26?
2
Suppose -2*l - c + 124 = -34, 3*c = 5*l - 395. What is the tens digit of l?
7
Let c(b) = -2*b**3 - 49*b**2 - 9*b - 33. What is the units digit of c(-25)?
7
Suppose 6623 + 4155 = 34*a. What is the units digit of a?
7
Let w(f) = -17*f + 17. Let g be w(5). Let s = g - -173. What is the tens digit of s?
0
Let z be (261/(-27))/((-2)/(-6)). Let n = z + 31. Suppose n*y + 4*v = y + 38, 3*v = 4*y - 133. What is the units digit of y?
4
Suppose z - 1 - 3 = -4*w, 0 = 3*z - 5*w + 5. Suppose -m = -2*i - 1, -i + 2*m = -3*i - 4. What is the units digit of 15/3 + z + i?
4
Suppose -18186 = 22*u - 91754. What is the tens digit of u?
4
Let j(w) = 89*w**2 - 24*w + 128. What is the hundreds digit of j(5)?
2
Let p = -224 - -548. What is the hundreds digit of p?
3
Let j(d) = -32*d**3 - d**2 - 8*d - 13. What is the hundreds digit of j(-3)?
8
Let l = 184 + -128. Let k = 6 + l. What is the units digit of k?
2
Let w = -11349 - -17099. What is the units digit of w?
0
Suppose -35*h + 42*h - 2695 = 0. What is the units digit of h?
5
Let o = -11 + 6.